+ 6*o(s). What is the tens digit of i(-16)?
9
Let f be ((-3032)/(-24))/(1/(-18)*2). Let b = f - -2303. What is the units digit of b?
6
Let u(d) = 2*d - 4. Let c be u(3). Let b(p) = -c*p**2 + p**2 + 7 + 8*p + 7 + p. What is the tens digit of b(9)?
1
Let f(c) be the first derivative of 81*c**2 - 135*c - 28. What is the units digit of f(4)?
3
Let u(y) = 17622*y**3 - 2*y**2 + 44*y - 43. What is the units digit of u(1)?
1
Suppose -4*h = -5*f - 126165, -241*h + 236*h + f = -157743. What is the units digit of h?
0
Suppose 10*f + 9*f = 7429. Let v = f - -585. What is the hundreds digit of v?
9
Suppose 0 = -17*r - 12 - 5. What is the units digit of (r - 388)/(0 - 1)?
9
Let o(c) be the third derivative of c**7/84 - c**6/240 + c**5/120 - c**4/8 - 5*c**2. Let a(l) be the second derivative of o(l). What is the tens digit of a(1)?
2
Let b(a) = 1154*a - 711. What is the hundreds digit of b(7)?
3
Let l(b) = 1495*b**2 + 69*b - 18. What is the thousands digit of l(-3)?
3
Let p(i) = i**3 + 5*i**2 - 8*i + 155. What is the units digit of p(11)?
3
Let d be (1 - 86) + -6 + 9. Let k = 378 + d. What is the hundreds digit of k?
2
Let g = 109045 - 76666. What is the hundreds digit of g?
3
Suppose 9*c = c + 72. Suppose -2*f - c = -13. Suppose -f*b = d - 8, 4*b - 12 = 2*d - 3*d. What is the units digit of b?
2
Let p be ((-9891)/18 - 7)/((-1)/(-2)). Let q = p + 788. Let z = -108 - q. What is the tens digit of z?
1
Let p = 18358 + -16741. What is the units digit of p?
7
Let m = 305 - 267. What is the units digit of (18/15)/(m/95)?
3
Let b = 9810 - 1828. What is the thousands digit of b?
7
Let c be 94*2 - -2*1/2. Suppose 4*o + 31 = -c. Let i = 23 - o. What is the units digit of i?
8
Suppose 171 = 5*p + 4*v - 150, p + v - 64 = 0. Let d = 200 + p. What is the hundreds digit of d?
2
Let k(m) = 66*m**2 - 36*m + 649. What is the tens digit of k(30)?
6
Suppose -228603 = -19*w - 74038. What is the thousands digit of w?
8
Suppose -l = -2*k - 2, 3*l = k - 0*l + 6. Suppose 6*m + 12 = -k*m. Let y = 271 + m. What is the tens digit of y?
6
Let x = -14576 - -20492. What is the units digit of x?
6
Suppose 0 = 3*p - 3*j - 2973, 13*j - 3937 = -4*p + 8*j. Suppose 2*s - 3 = s. Suppose -4*d + p = -4*k, 960 = -0*d + 4*d + s*k. What is the units digit of d?
3
Suppose -4*q = -p - 9906 + 2450, 2*q = 5*p + 3710. What is the tens digit of q?
6
Suppose -4*i - 4 = -3*a, 2*a + 2*a + 3*i + 3 = 0. Let g(k) = 22 + a*k - 2*k + k - 4. What is the tens digit of g(-8)?
2
Suppose -4*o + 3*k = k - 14, 0 = o - 2*k - 8. Suppose -o*r + 2*s + 474 = 0, -4*r - 2*s = -544 - 386. What is the tens digit of r?
3
Let i(j) = 24*j - 23. Let s be i(-7). Let p = 109 + s. Let b = 172 + p. What is the tens digit of b?
9
Suppose 528*u = 523*u - 2*s + 41409, 3*u = 5*s + 24802. What is the tens digit of u?
7
What is the units digit of 667 + ((-35)/70)/((-1)/(-18))?
8
What is the tens digit of (2 - 3)/((3/(-22581)*1)/2)?
5
Let g be (12/(-10))/((-111)/93425). Let j = g - 223. What is the units digit of j?
7
Let a = -41427 - -60116. What is the tens digit of a?
8
Let j(v) = -v**2 + 4*v + 2. Let m be j(4). Suppose m*a - 405 = 11*a. Let w = 76 + a. What is the units digit of w?
1
Let f(k) = 5*k**3 - 22*k**2 + 2*k + 6. Let b be f(7). Let x = b - 385. What is the tens digit of x?
7
Let y = 74070 - 23431. What is the ten thousands digit of y?
5
Let h = 5105 + -460. What is the tens digit of h?
4
Let f(j) = 7*j**3 + 10*j**2 + 19*j - 3. Let d = 56 - 51. Let l(x) = -6*x**3 - 10*x**2 - 18*x + 4. Let v(h) = d*f(h) + 6*l(h). What is the units digit of v(-10)?
9
Let f(q) = -q**2 + 19*q - 55. Let v be f(16). Let u(r) = -2*r**3 - r**2 - r + 4. What is the hundreds digit of u(v)?
6
Suppose -10829*z + 2296023 = -10762*z. What is the ten thousands digit of z?
3
Suppose -5*d + 62*t = 57*t - 37845, -d - 3*t = -7541. What is the units digit of d?
2
Let x be 20/(-90) - 29/(-9) - 1. Suppose 5*h + x*u = 215, -2*h = -5*u - 27 - 30. Suppose k - h = 32. What is the units digit of k?
3
Let o = 100 - 65. Suppose -i = -53 - o. What is the units digit of i?
8
Suppose -5*z = -3*f + 13972, 4*f = -44*z + 48*z + 18640. What is the thousands digit of f?
4
Let f(y) = 6*y**2 + 14*y + 13. Let h be f(7). Let t = -164 + h. Suppose 233 = 3*n - 2*g, -5*g + t = 3*n - 3*g. What is the units digit of n?
9
Suppose -19 - 31 = -10*v. Suppose -512 = -y + 7*u - 4*u, 0 = -v*y + 4*u + 2593. What is the hundreds digit of y?
5
Let q(l) = -l**3 + 10*l**2 - 14*l - 7. Let n be q(8). Suppose n*i = 185 + 49. What is the units digit of ((-58)/2 - 1)*i/(-6)?
0
Let u(f) be the first derivative of -f**2/2 - 20*f + 2. Let b be u(-17). Let a(w) = 2*w**2 + 4*w. What is the units digit of a(b)?
6
Let m(v) = -449*v - 12. Suppose -67 = c - 66. What is the hundreds digit of m(c)?
4
Let k be (-8)/28 - (6 + (-774)/63). Let d = -486 + 854. Suppose 2*c - d = 4*t, -k*c - 2*t + 896 = -c. What is the tens digit of c?
8
Let a(s) = 131*s + 180. Let c(x) = 44*x + 60. Let y(t) = -3*a(t) + 8*c(t). What is the units digit of y(-9)?
9
What is the thousands digit of 1964992/64 + ((-1)/(-5) - 217/35)?
0
Suppose -199084 = -4*m - 45*f + 42*f, 5*f = -12*m + 597220. What is the thousands digit of m?
9
Suppose 4*h + 9*g - 41290 = 7*g, 2*h - 20649 = -5*g. What is the ten thousands digit of h?
1
Let i(f) = -3*f - 6. Let t be i(-3). Suppose 4*m - 47 = -t. Let x = 50 + m. What is the tens digit of x?
6
Let l(h) be the third derivative of h**6/360 + h**5/30 - h**4/4 + h**3 + 9*h**2. Let t(m) be the first derivative of l(m). What is the hundreds digit of t(10)?
1
Let t be (-36)/(-8) - (-3)/6. Suppose -67*n + 66*n = -t. Suppose -4*m - 141 = -q - 8*m, -4*q = n*m - 520. What is the hundreds digit of q?
1
Let x = -119 - -132. Suppose -2*g = -x - 19. What is the hundreds digit of 146*4/(g/6)?
2
Let k(t) = 503*t**2 + 98*t - 393. What is the units digit of k(4)?
7
Suppose 538*a - 541*a = 2*j - 102633, -7*j + 2*a = -359128. What is the ten thousands digit of j?
5
Let j(h) = h**2 + 22*h + 12. Let n be j(-17). Let t = n - -61. Let u = 69 + t. What is the tens digit of u?
5
Let l(j) = -8*j**2 + 10*j + 17. Suppose 15*d = 21*d + 30. Let w(s) = 9*s**2 - 10*s - 18. Let h(f) = d*l(f) - 4*w(f). What is the units digit of h(-5)?
7
Let x be (-6 - -19) + -7 - 1278. Let k = 112 - x. What is the thousands digit of k?
1
Suppose 30*g = 27*g + 2*t + 5049, 4*g + 3*t - 6715 = 0. What is the tens digit of g?
8
Let k(a) = a - 4. Let x be k(6). Suppose x = -4*r + 5*r. Suppose -216 = -r*y - y. What is the units digit of y?
2
Let c = 50 + -53. Let l be (-2)/(-8) + (-6)/24 + c. What is the tens digit of (-17)/l*(-3 + 90/3)?
5
Let i be (-1 + -3*1)/(-2). Let x(g) = -13*g**2 - g**3 + 18*g**3 - 4*g + 15*g**2. What is the hundreds digit of x(i)?
1
Let x(r) = -r**3 - 28*r**2 - 2*r + 18. Let o be x(-28). Let g = o + -76. What is the tens digit of (-20)/g*(5 - -3)?
8
Let y be (10/(-15)*3)/((-1)/2). Suppose -y*p + 2*p = -90. Suppose t = 4*h + 117 + p, 4*h = 16. What is the hundreds digit of t?
1
Suppose -197351 = 90*n - 2144861. What is the thousands digit of n?
1
Suppose -295*z + 299*z - 11868 = 3*g, 2*g - 8918 = -3*z. What is the tens digit of z?
7
Let g(r) = 3*r + 4*r**3 - r + 3 + 2*r**2 + r. Let i = 103 - 100. What is the units digit of g(i)?
8
Let k(y) = 9*y + 15. Let g be k(10). Let f(a) = 3*a**3 + 11*a**2 - 5*a + 3. Let p be f(-5). Let r = g + p. What is the units digit of r?
3
Let o = 437 + 98. Let h = o - -241. What is the tens digit of h?
7
Suppose -20 = -49*f + 48*f. Suppose 15*s = f*s - 15. Suppose 471 + 318 = s*y. What is the units digit of y?
3
Let t(m) = 24*m**2 - 17*m + 55. What is the tens digit of t(12)?
0
Suppose 5*o + 49 = 59. Let f be ((-2)/o - -3) + 1. Suppose 2*l = c - 145, f*c + l - 182 = 225. What is the units digit of c?
7
Let a be -1 - 3 - ((-160)/(-8))/(-1). Suppose q - a*q = -2550. What is the units digit of q?
0
Suppose -3*j + 110739 = 5*u, -15*j - 36 = 3*j. What is the thousands digit of u?
2
Suppose 10*k + 26 = -b + 5*k, -20 = 4*b - k. Let j(p) = -8*p + 225. What is the tens digit of j(b)?
7
Suppose 2*c - 29600 = -5*s, -5*s + 7*c = 2*c - 29565. Suppose -5*y - 938 = -s. What is the units digit of y?
6
Suppose -5*g + 15 = -5. Suppose -2125 = g*c + 3*v - 7714, 2*c - 2794 = -2*v. Suppose -12*p - c = -18*p. What is the units digit of p?
3
